ist the prime factors of i.
2, 11
Suppose -7*w = -0*w. Suppose -16 - 312 = -z + 4*p, -2*p - 8 = w. What are the prime factors of z?
2, 3, 13
Let z(t) = 1 - t**2 + 3 + 14*t + 2 + 16. Let f be z(10). Let c = -39 + f. What are the prime factors of c?
23
Let q(f) = f**3 - 15*f**2 + 2*f + 9. Let i(g) = g**2 - 5*g - 20. Let h be i(-4). List the prime factors of q(h).
3, 11
Suppose 76*h - 72*h = -j + 110215, h + 2*j - 27552 = 0. What are the prime factors of h?
2, 23, 599
Suppose -2*d = -2*j + 14028, 139*d + 14026 = 2*j + 138*d. What are the prime factors of j?
2, 1753
Suppose 20*s + 21*s = 46*s - 61435. List the prime factors of s.
11, 1117
Let t = -2572 - -1543. Let y = -539 - t. List the prime factors of y.
2, 5, 7
Let u(r) = 5*r**2 + 29*r - 8. Let l be u(-6). List the prime factors of 24*(l/14)/(80/(-30520)).
2, 3, 109
Let j = 12535 + -6298. What are the prime factors of j?
3, 7, 11
Suppose 50*n - 41112 = 14*n. Let a = 1742 - n. What are the prime factors of a?
2, 3, 5
Let o(u) = -438*u - 185. Let s be o(-1). Let k be 0 - -93*4*1. Let b = k - s. List the prime factors of b.
7, 17
Suppose 2*c - 17784 = -4*c. Suppose -c + 8457 = 5*x + w, 0 = 4*x + 3*w - 4401. What are the prime factors of x?
2, 3, 61
Let w be (146/(-3))/(129/(-27) - -5). Let f = w + 1390. List the prime factors of f.
1171
Let l(w) = -w**3 - 6*w**2 - 5*w + 5. Let g be l(-5). Suppose -d - 480 = 3*k - 2276, g*d = 2*k - 1169. What are the prime factors of k?
3, 199
Let l(g) = -g**2 - 10*g - 16. Let c be l(-7). Let q be (-1104)/c - 1/5. Let z = -125 - q. What are the prime factors of z?
2, 3
Let t = -53 - -41. Let j(a) = a**3 + 12*a**2 + 4. Let g be j(t). Suppose 394 - 81 = 5*o + 2*c, 0 = -g*c + 16. What are the prime factors of o?
61
Let l = 169 + -167. Suppose -3*z + 1590 = -z + 5*r, l*r + 795 = z. List the prime factors of z.
3, 5, 53
Suppose 31*k - 5782 = 17*k. Suppose 1987 = 20*c - k. What are the prime factors of c?
2, 3, 5
Let b(r) = -2*r**3 - 3*r**2 - 6*r - 10. Suppose 0*j + 3*j = -4*s - 23, 2*s - 6 = 2*j. List the prime factors of b(j).
3, 5, 13
Suppose -71599 + 230492 = 4*d + s, d + 5*s - 39709 = 0. What are the prime factors of d?
2, 9931
Suppose 3443 + 7257 = f. What are the prime factors of f?
2, 5, 107
Let a(j) = -902*j + 819. What are the prime factors of a(-11)?
23, 467
Let r = 138 - 136. Suppose r*s + 75 = 5*s. Let b = 135 - s. What are the prime factors of b?
2, 5, 11
Suppose 2*o = 39*o + 2405. List the prime factors of 71 + o + 348/2*5.
2, 3, 73
Let y(z) = z**2 - 2*z - 6. Let q(j) = 4*j**2 - 9*j - 24. Let x be 18/(-9) - (2 - 2). Let g(i) = x*q(i) + 9*y(i). List the prime factors of g(7).
43
Let o(l) = 14*l**3 - 2*l**2 - 3*l + 13. Let k(w) = -3*w - 12. Let q be k(-5). What are the prime factors of o(q)?
2, 7, 13
Suppose -277*i + 6473956 + 1691378 + 1307512 = 0. What are the prime factors of i?
2, 17099
Let k = -254 + 663. Let z = 718 - k. What are the prime factors of z?
3, 103
Suppose -5*a + 6 + 4 = 0. Suppose 0 = -a*l, 2*t - l - 506 = -0*l. List the prime factors of t.
11, 23
Let l(d) = 6*d**2 - 2*d - 1. Let h be l(-1). Let n = 50 + h. Let p = 2 + n. List the prime factors of p.
59
Let t(k) = 16*k - 27. Let v be t(2). Let w(r) = 3*r**3 - 13*r**2 + 10*r + 12. List the prime factors of w(v).
2, 7
Let v(f) = -3*f. Let j be v(-3). Suppose -5*z - 638 = -j*z + 3*r, 2*z - 322 = 3*r. List the prime factors of z.
2, 79
Suppose -679 = 2*m - 5*l, 4*l - 16 = 4. Let a = m + 793. What are the prime factors of a?
2, 233
Suppose -5*s + 0*s - 29088 = -88028. What are the prime factors of s?
2, 7, 421
Let p be (-137964)/(-42) + (-2)/(-14). Suppose -36*x + p = -33*x. What are the prime factors of x?
3, 5, 73
List the prime factors of 12278/2*636/742.
2, 3, 877
Let g(s) = 393*s**3 + 10*s**2 - 15*s + 6. What are the prime factors of g(3)?
2, 3, 1777
Suppose -542 = -8*u + 3514. Let a = 634 - u. What are the prime factors of a?
127
Let o(u) be the second derivative of -11*u**3/6 + 15*u**2/2 + 4*u - 3. What are the prime factors of o(-20)?
5, 47
Let i(j) = -j**3 + 10*j**2 + 25*j - 7. Let c be i(12). Let f be 36*c/(-25)*-5. Let w = 60 - f. List the prime factors of w.
2, 3
Suppose 8*k = -k + 81. Suppose -k*z + 8*z + 26 = 0. What are the prime factors of z?
2, 13
Let k = 603 - 595. Suppose k*i = -37*i + 35145. What are the prime factors of i?
11, 71
Let n(b) = -2*b - 35. Let v be n(-18). Let z(g) = 125*g - 1. Let a be z(v). Suppose -2*y = -4*i + y + 482, i - a = -y. List the prime factors of i.
2, 61
Suppose 63*q + 81 = 66*q. What are the prime factors of ((-231)/7)/((-1)/q)?
3, 11
Let k(r) = -425*r - 186. List the prime factors of k(-6).
2, 3, 197
Let k(m) = 784*m + 1778. What are the prime factors of k(27)?
2, 7, 11, 149
Suppose 2*h = -4 + 12. Suppose -4*q = -2*q - h, -4*o + 2734 = -5*q. What are the prime factors of o?
2, 7
Let t(a) = 2338*a**2 - 88*a + 90. What are the prime factors of t(1)?
2, 3, 5, 13
Let z(a) = 2*a**2 + 4*a + 2. Let q be z(-2). Let g(t) = -35*t**2 - t - 10. Let r(i) = -34*i**2 - 9. Let b(f) = 5*g(f) - 6*r(f). List the prime factors of b(q).
2, 5, 11
Let y(j) = -2*j + 33. Let a be y(21). Let t = a - -8. List the prime factors of -124*1/4*t.
31
Suppose -4*b + 20 = 0, -5*s = -0*s + b - 15. Suppose 5*l = -f + 3617, s*l + 163 = -3*f + 1602. List the prime factors of l.
2, 181
Let b = 3068 + -1788. Suppose -21*s + b = -16*s. What are the prime factors of 36/36*s/(-1 - -3)?
2
Let k(w) = w**3 + 19*w**2 + 3*w + 9. Let n be 22/(-4) - 1 - (-4)/8. What are the prime factors of k(n)?
3, 17
Let o(k) = 5*k**3 - 5*k**2 + 2*k + 2. Let w be o(4). Suppose 23*a = 39*a - 64. Suppose a*q = -q + w. List the prime factors of q.
2, 5
Let g(r) = r**3 - 29*r**2 - 1539*r - 45. What are the prime factors of g(-25)?
2, 3, 5, 13
Let l be ((-224)/(-49) + 3/7)*11. Suppose i + l = 332. What are the prime factors of i?
277
Let h(m) = m**3 - 4*m**2 + 6*m + 1. Let n be h(3). What are the prime factors of (1*4)/(n - (-903)/(-91))?
2, 13
Let d(i) = 46*i - 6. Let m be d(-3). Suppose 57 = 5*f + 1197. Let z = m - f. List the prime factors of z.
2, 3, 7
Let g(x) = -28*x + 272. Let y be g(10). What are the prime factors of (-291*(-2)/(-24))/(1/y)?
2, 97
Let s = 28 + -16. Let g(a) = -a**2 - 3*a + 30. Let x be g(-7). Suppose d = -5*u + s, -x*u + 3*u + 68 = 2*d. What are the prime factors of d?
2
Suppose -4*d + 4 = 0, o = 3*o + 3*d + 37. Let j be o/50*(-5)/1. Suppose -30 = -4*p - j*p. List the prime factors of p.
5
Let m = -7876 + 14626. List the prime factors of m.
2, 3, 5
Let o(l) = -468*l + 2011. List the prime factors of o(-45).
23071
Suppose -3*q + 56504 = -4*s + 8806, -15921 = -q - 3*s. What are the prime factors of q?
2, 3, 11, 241
Let k = 73198 - 38010. What are the prime factors of k?
2, 19, 463
Let t(h) = -h**2 - 73*h - 328. List the prime factors of t(-60).
2, 113
Let t = -15 + 17. Suppose 5*j = b - 21, t*j - 6*j + 84 = 4*b. Suppose 24*q - b*q = 93. List the prime factors of q.
31
Let k(n) = -5 + 7 + 6 + 2*n + 4*n + 88*n**2. Let v be k(6). Suppose 0 = -b - 10*b + v. List the prime factors of b.
2, 73
Let o(j) be the first derivative of 25*j**2/2 - 7*j + 1. Suppose -2*k - 2*d = -3*d - 9, 4*d + 26 = 3*k. List the prime factors of o(k).
43
Let c(w) = 1080*w**2 - 149*w + 437. List the prime factors of c(3).
2, 5, 971
Let l be 27/(-6)*(-4)/6. What are the prime factors of (20/l)/10 + 4070/15?
2, 17
Suppose 5*y + 6 = -w + 28, 3*w - 38 = -y. Let s = 15 - w. List the prime factors of -4*46*s/(-24).
23
Let z(n) = n**3 + 10*n**2 + 19*n + 24. Let u be z(-8). Suppose 25*c - 5*c - 6240 = u. What are the prime factors of c?
2, 3, 13
Let o = -17 - -17. Suppose 0 = -3*u - 15, k - 3*u = -o*k + 15. Suppose k*x - 72 = -4*x. List the prime factors of x.
2, 3
Let b(p) be the third derivative of p**6/30 - p**5/60 - 7*p**4/8 + 119*p**3/6 - 80*p**2. List the prime factors of b(6).
821
Let u = -45 - -42. Let n(x) = 5*x**2 + 3*x + 10. Let l be n(u). Suppose 0 = q + 5*i - 75, -2*i = 4*q + l - 418. List the prime factors of q.
5, 19
Let z be -19*3/(-1 - 2). What are the prime factors of z - 14 - (-3)/(3/299)?
2, 19
Let j(y) = y**3 + 2*y**2 + 77. Suppose -4*s = 15 - 35. Suppose -s*c - 15 = 0, -f = -c + 5*c + 12. List the prime factors of j(f).
7, 11
Suppose 48*w - 97*w = -50*w + 196. What are the prime factors of w?
2, 7
Suppos